Let t(l) = 4*l**2 + l. Let v(x) = -x + 53. Let h be v(55). What is t(h)?
14
Let q(r) = -4*r - 8 + 2*r + 0*r + 2*r - 4*r. Determine q(-7).
20
Let u(j) = 12*j**2 + 4320*j + 6 - 4324*j - 4. Give u(2).
42
Suppose 1 + 4 = 5*x. Let i(f) = -1. Let h(o) = -2*o + 12. Let g be h(9). Let d(l) = 2*l**2 - 5*l - 8. Let v(q) = g*i(q) + x*d(q). Determine v(4).
10
Let m(z) = z**2 - 3*z**2 + 0*z + 2*z. Suppose 0 = d + d + 4. Let k be (-1)/2*-10 + d. Calculate m(k).
-12
Let a(y) = 5*y**2 - 13*y - 7. Let h(p) = -13*p**2 + 38*p + 21. Let f(c) = -8*a(c) - 3*h(c). Calculate f(-11).
-18
Suppose 4*o = 2*m - 8, 4*m + 0 = -4*o - 32. Let h(j) = -j**3 - 6*j**2 - 6*j - 3. Determine h(m).
-11
Suppose -14 = 6*g - 26. Let l(x) be the second derivative of 0 - 1/6*x**3 + 3*x - 2*x**g. Determine l(4).
-8
Let g(o) = -5*o. Let x(j) = j**2 + 3*j + 10. Let i be x(-3). Suppose 7 = 2*z - 5*t - i, 3*t = -4*z - 5. What is g(z)?
-5
Let y = -50 + 54. Let n(x) = -y + 42*x - 23*x - x**2 - 19*x. Give n(0).
-4
Let p(n) = n + 1. Let b(a) = -4*a + 2. Let x(r) = -b(r) - 5*p(r). Let y(v) = -3*v**3 + 38*v**2 + 9*v + 45. Let q be y(13). Give x(q).
0
Let l(j) = 20 + 100*j - 51*j - 47*j. Determine l(-7).
6
Let r(f) = 8*f + 7. Let p(v) = -7*v - 6. Let j(n) = 5*p(n) + 4*r(n). Suppose -336*g + 332*g = -4. Suppose 5*h + g + 9 = 0. Give j(h).
4
Let a(s) = -2*s**2 + 166*s - 1696. Let w be a(12). Let m(o) = 5*o + 3. Let u(q) = 4*q + 4. Let f(c) = 5*m(c) - 6*u(c). What is f(w)?
-1
Let y(q) = -q - 1. Let j(m) = -5*m + 4 + 6 + 12*m. Let z(f) = 8*f + 11. Let n(k) = 4*j(k) - 3*z(k). Let s(t) = n(t) + 5*y(t). What is s(3)?
-1
Let q be ((-18)/(-15))/((-3)/10). Let j(z) = z**3 - 341*z**2 + 345*z**2 - 1 + z - 2. Let i be j(q). Let d(l) = -l**3 - 6*l**2 + 7*l + 3. Give d(i).
3
Let b(z) = -z**3 - 12*z**2 + 13*z - 13. Let a = 1010 + -1023. Calculate b(a).
-13
Let n(q) be the first derivative of q**7/840 + 7*q**6/360 + q**5/120 + q**4/3 + 8*q**3/3 + 16. Let a(k) be the third derivative of n(k). Determine a(-7).
1
Suppose 0 = -142*f + 139*f + 15. Let u(m) be the third derivative of 9*m**2 + 0*m - 1/6*m**4 - 1/60*m**f + 0 + 1/6*m**3. Give u(-4).
1
Let p(j) = -21*j**2 + 2*j - 3. Let d(r) be the third derivative of 8*r**5/15 - r**4/8 + 5*r**3/6 + 3*r**2. Let s(u) = -5*d(u) - 8*p(u). Calculate s(-1).
8
Let l(n) be the second derivative of -n**4/12 + 5*n**3/6 + 58*n. Determine l(4).
4
Let o(p) = -12 + 3 - 554*p + 559*p + p**2. What is o(-7)?
5
Let k(g) = -g**3 - 5*g**2 + g + 2. Let s(b) = b - 9. Let p be s(5). Determine k(p).
-18
Let s(z) be the third derivative of -z**8/10080 - z**7/5040 - z**6/360 - z**5/10 - 8*z**2. Let u(j) be the third derivative of s(j). Determine u(-2).
-8
Let z(w) = -w**2 + w - 1. Let u(d) = d**2 + 3*d - 4. Let y(c) = -u(c) + z(c). Suppose -4*v = t - 3, 5*t + 7 + 14 = -2*v. Give y(v).
-9
Let q(m) = -m - 1. Let n(h) = -6*h - 11. Let k(t) = -6*t - 12. Let c(l) = -3*k(l) + 4*n(l). Let o(d) = c(d) - 5*q(d). Give o(-3).
0
Let s(l) = -5*l**3 + 19*l**2 - 3*l + 8. Let r(h) = 3*h**3 - 12*h**2 + 2*h - 5. Let p(i) = 8*r(i) + 5*s(i). Determine p(0).
0
Suppose 5*q + 2*d = 132, 0 = -q + d - 0 + 25. Suppose q = -2*u + 5*n, 3*u - 1 = -4*n + 6. Let g(m) = -m**3 - m**2 + 3*m + 2. Give g(u).
11
Let s be ((-4)/(-1))/((-4)/(-8)). Let u(i) = -7 + 5 + i - s. Calculate u(8).
-2
Let k(h) = -4*h - 246*h**2 + 249*h**2 + 5*h - 17*h. Calculate k(5).
-5
Let d = -1 + -1. Let p be d/3 - (-1)/(-3). Let j(a) be the first derivative of -a**4/4 + 169. What is j(p)?
1
Let l(n) be the second derivative of n**3/2 - n**2/2 + 39*n. Let q = 9 + -5. Give l(q).
11
Suppose 38*t = 59*t + 63. Let r(o) be the first derivative of 2*o - 1 + o + 0*o + o**2. What is r(t)?
-3
Suppose -2*k + 73 = 3*s, -2*s - s + 85 = -k. Let m = 27 - s. Let a(o) = 2*o - o + 1 + 2. Calculate a(m).
3
Suppose -10*t - 42 = -12. Let y(m) = 1 - 4*m - 5*m**2 - 2*m**3 + m**3 + 0*m**3. Calculate y(t).
-5
Let w(c) = 1 + 0 + 5*c - 4 - 3*c. Calculate w(2).
1
Let a(o) = 3*o + 18. Let q = 165 - 173. Determine a(q).
-6
Let y(j) = j**2 + 4*j + 1. Let d(r) = r + 1. Let c(p) = 3*d(p) - y(p). Suppose -3*s - v = -56 - 25, -2*s + 4*v = -40. Let f = -28 + s. Determine c(f).
0
Suppose 8*x = 6*x + 10. Suppose 16 + 0 = g + 3*m, -4*m = x*g - 80. Let r be (-44)/g + 1/(-4). Let f(u) = u - 2. Calculate f(r).
-5
Let n(z) = z**3 - 3*z**2 + 5*z - 4. Suppose 4*s = 27 - 15. Calculate n(s).
11
Suppose 18*j + 12 = 20*j. Let b(r) be the third derivative of 1/120*r**6 + 0*r - 7/60*r**5 + 3*r**2 + 0 - 1/6*r**3 + 1/4*r**4. Give b(j).
-1
Let k(p) be the second derivative of -p**5/120 + p**4/12 + p**3/2 + 7*p**2/2 + 16*p - 3. Let t(m) be the second derivative of k(m). What is t(-3)?
5
Let j(r) be the first derivative of -2 - 1/2*r**2 - 9*r. Suppose -1 + 1 = 9*a. What is j(a)?
-9
Suppose -7*v + 10*v - 9 = 0. Suppose 0 = -5*c + 2*d - 31, c = d + v*d + 1. Let j(f) = f + 6. Determine j(c).
-1
Let m(z) = -z**2 + 18*z - 15. Let b(q) = -2*q - 2. Let y(v) = -b(v) - m(v). Calculate y(7).
-46
Let r(p) = 2*p**2 - 16*p + 33. Suppose -5*s - 5*g + 35 = 0, -5*g = -27*s + 22*s + 15. Give r(s).
3
Let z(h) be the first derivative of -h**4/4 - 11*h**3/3 + 7*h**2 + 15*h + 560. Give z(-12).
-9
Let l(q) be the first derivative of -q**5/40 - 3*q**4/8 + 41*q**3/3 + 17. Let x(h) be the third derivative of l(h). Determine x(-5).
6
Let j(p) be the first derivative of 6 + 0*p**3 - 2*p**2 + 0*p + 1/30*p**5 - 1/24*p**4 + 1/60*p**6. Let g(a) be the second derivative of j(a). Calculate g(1).
3
Let k = 73 - 67. Let t(z) be the first derivative of z**3/3 - 3*z**2/2 - 6*z - 8. What is t(k)?
12
Suppose -10*m - 2 + 22 = 0. Let n(r) = -2*r**2 - 3*r + 2. Determine n(m).
-12
Let h(a) = -6*a + 3. Let p be h(-11). Let j(g) = g**3 + p*g**2 - 30*g**2 - 1 - 33*g**2. Determine j(-6).
-1
Let l(r) be the first derivative of 3*r**4/2 - r**3/3 - r**2/2 + r - 83. Give l(1).
5
Let p(r) = r + 18*r**3 - 21*r**3 + 8*r**2 + 2*r**2. Let v(y) = -y**3 + y**2. Let q(s) = p(s) - 4*v(s). Determine q(-6).
-6
Let v = -180 - -87. Let m = v - -101. Let r(w) = -w**3 + 7*w**2 + 7*w - 6. Determine r(m).
-14
Let w(u) be the first derivative of 25 - 5/2*u**4 + 0*u**3 - 1/2*u**2 + 0*u. What is w(1)?
-11
Let m = 56 + -42. Suppose -5*f + m = -1. Let w(y) be the first derivative of y**3/3 - 3*y - 1. Determine w(f).
6
Let o(t) = 205*t - 407*t - 4 - 2*t**2 + 205*t. Give o(4).
-24
Let v(c) be the third derivative of -c**6/120 - c**5/60 + c**4/24 - c**3 - c**2 + 5. Let u(z) = z**3 - 6*z**2 + 4*z + 5. Let t be u(5). Determine v(t).
-6
Let t(c) = 109*c - 52*c - 55*c. Let a = 2 - -6. Let j be a/(-3) - (-4)/6. Determine t(j).
-4
Let d(z) = -z**2 + z + 7 - 2 + 2. Let k be d(0). Let c be (-2 - 18/(-7))*k. Let n(o) = -o**3 + 5*o**2 - 3*o + 1. Determine n(c).
5
Let n(p) = -27*p + 4 - 18*p + 1 - 3 - 3. What is n(1)?
-46
Let i(u) be the second derivative of -u**5/20 + 7*u**4/12 - u**3 + 2*u**2 + 173*u. Give i(4).
28
Let q(s) = -s - 5. Suppose 22*w = 11*w - 55. Give q(w).
0
Suppose 3*s + 2*s = 3*a + 2, 0 = -2*a - 2*s + 20. Suppose 2*z - x = x + 2, -2*x = -a. Let l(y) = y - 5. Give l(z).
-1
Let x = -525 + 516. Let t(r) = r - 1. What is t(x)?
-10
Suppose 0 = 4*a + a - l - 50, -49 = -4*a - l. Suppose -4*x = -2*x - 5*m + 13, 3*x + m + a = 0. Let u(n) = 4*n - 3. Calculate u(x).
-19
Let h(c) be the first derivative of 5/3*c**3 + 5 + 2*c**2 + 1/4*c**4 - c. Suppose 17*p = 43 - 111. What is h(p)?
-1
Let g(p) = p**2 + 8*p. Let n be g(-6). Let b = -6 - n. Suppose -7*x - b = -2*x + 4*j, 2 = 5*x + 2*j. Let a(o) = -o**3 + 3*o**2 - o - 1. Give a(x).
1
Let p(j) = 65*j + 135. Let r be p(-2). Let w(y) be the third derivative of r*y**2 + 1/24*y**4 - 1/6*y**3 + 0 + 0*y. Calculate w(0).
-1
Let x(a) = -3*a**2 + a - 2. Suppose 4 = -7*m - 3. Let v be (3 + m + (1 - 1))/1. Calculate x(v).
-12
Let a(y) = -4*y + 20. Let h(r) = -r + 4. Let j(f) = 3*a(f) - 14*h(f). Suppose -5*l - 4*q = 11 + 22, -3*q = 2*l + 16. Give j(l).
-6
Let v(j) = -58*j + 0*j**3 + 30*j + 4*j**2 + 4 + 2*j**3 + 26*j - 7*j**2. What is v(2)?
4
Let r(a) = -a**2 + 5*a + 7. Let t be (-50)/4*(-2 + 6 + -6). Let p(y) = 2*y**3 - y**2 - 2*y + 1. Let q be p(2). Suppose -4*f - t = -q*f. Give r(f).
7
Let a(n) = n**3 - n**2 - 3*n + 5. Let b be a(0). Let l(p) = -b*p - 6 - 2*p + 1 + 5*p. Let d = 13 + -8. Give l(d).
-15
Suppose 2 = l, -u + 4 + 4 = -l. Let y(w) = 17*w**3 -